+ 1. List the prime factors of w.
2
Suppose -3*t + 0*t = 0. Suppose -k = -3*o - 36 + 166, -133 = -3*o + 4*k. Suppose 3*b - 5*i = -t*b + o, i = -4*b + 19. What are the prime factors of b?
2, 3
Let o(t) = -t + 34. What are the prime factors of o(8)?
2, 13
List the prime factors of ((-2)/(-4))/(2/100).
5
Suppose 2*i = -3*d + 229, 0*i - 5*i = 2*d - 545. List the prime factors of i.
107
What are the prime factors of (24/36)/((-2)/(-99))?
3, 11
Suppose 217 = 5*n + 637. Let l = 124 + n. What are the prime factors of l/(-2)*(-8)/20?
2
What are the prime factors of 0 - 3 - ((-36)/(-2))/(-2)?
2, 3
Suppose 0 = -6*p + 3*p + 93. What are the prime factors of p?
31
Let j = -3 - -3. Let f be 0 + 41 + 2 + j. Suppose -4*x + f = -33. List the prime factors of x.
19
Let d(k) = k**2 - 6*k + 5. Let z be d(5). Let h(j) = 5*j**2 + 5*j + 5. Let o(u) = u**2 + u - 1. Let s(r) = h(r) - 6*o(r). What are the prime factors of s(z)?
11
Let m(g) be the first derivative of g**3/3 + 4*g**2 + 4*g - 3. Let h be m(-8). List the prime factors of (-192)/(-14) + h/14.
2, 7
Let f(h) = -h - 1. Let j be f(-5). Suppose z - 55 = -3*z - q, -z = -j*q - 18. What are the prime factors of z?
2, 7
Let b = -261 - -374. What are the prime factors of b?
113
Suppose 0 = -0*i - i + 139. List the prime factors of i.
139
What are the prime factors of -3 + 7/(35/90)?
3, 5
Suppose -2*u - 2*u + 64 = 0. Suppose 5*y - u = n, 38 - 2 = 5*n + 4*y. Suppose 0 = 4*f + n*w - 12, -4*w + 0 - 2 = -3*f. List the prime factors of f.
2
Let b(a) = -6*a**2 + 4*a. Let t(k) = -7*k**2 + 4*k. Let z(n) = -3*b(n) + 2*t(n). List the prime factors of z(3).
2, 3
Let q(s) = s - 1. Let k be q(3). Suppose k*a + 234 = 5*g + 3*a, 2*g + 3*a - 91 = 0. What are the prime factors of g?
47
Let v = 14 - 10. Suppose -k - v*k = -85. What are the prime factors of k?
17
Suppose -4*p + 296 = -188. List the prime factors of p.
11
Suppose -50 + 12 = -2*i - b, 0 = 4*i - 3*b - 76. Let a = 26 - i. List the prime factors of a.
7
Let q(s) = -11*s - 48. List the prime factors of q(-19).
7, 23
Let z(l) = 2*l**3 + l**2. Let r be z(1). Suppose 2*w - r - 7 = 0. What are the prime factors of w?
5
Suppose -4*t + 5*d - 1 = 0, -3*d + 11 = t - 2*d. Let a = t + -5. Let z(k) = 2*k**3 + k. What are the prime factors of z(a)?
3
Let v(m) = -15*m - 1. Let i be v(1). Let p be 26/(-7) - (-12)/(-42). What are the prime factors of p/6 - i/6?
2
Suppose -4*c + f = -1195, -18*c + 4*f - 1220 = -22*c. What are the prime factors of c?
2, 3, 5
Suppose 2*n - 5 = 9. What are the prime factors of n?
7
Suppose 0 = f + c - 14, 4*f - 5*f - 5*c = -30. What are the prime factors of f?
2, 5
Let u be (-2 - 0 - 13)*-1. Let d = -6 + u. Let l = d - -2. List the prime factors of l.
11
Let h be (0/9)/(-1*2). Suppose h = 2*y - 0*y + l - 33, 2*l + 46 = 3*y. List the prime factors of y.
2
Suppose 317 = 2*l - 5*h, -3*l - h = -0*l - 484. List the prime factors of l.
7, 23
Suppose 5*j - 295 = -4*d, 4*d - j - j = 330. List the prime factors of d.
2, 5
Suppose -5*n - k = -330, -52 - 102 = -2*n + 4*k. List the prime factors of n.
67
Suppose 4 = 4*z - 4. What are the prime factors of 4*z/((-4)/(-14))?
2, 7
Let s = -10 - -13. Suppose s*w - 5*w = 0. What are the prime factors of 12/((w + 3)/3)?
2, 3
Let a(r) = -r**2 - 13*r - 16. List the prime factors of a(-11).
2, 3
Let q(y) = 4*y + 1. Let l be q(7). Suppose -x + 3*x + l = 3*h, -h + 2*x = -11. List the prime factors of h.
3
Suppose d - 43 = -2*y, 0 = 4*d - 5*y - 64 - 43. Suppose 3*h - 57 = -4*k, h + 4 - d = -2*k. What are the prime factors of k?
3, 5
Suppose -o = k + 3*k - 12, -5*o + 3*k - 9 = 0. Suppose 4*v - 3*u = -7, o*v - 3*u + 9 = -3*v. Suppose -13 = v*y - 53. What are the prime factors of y?
2, 5
Let i(t) = -6*t + 3. Let o be i(-6). Suppose -4*j + 17 = -o. What are the prime factors of j?
2, 7
Suppose -27 = 4*q - 75. Suppose -3*o + 3*y = -6, 0*y + 4*y + 8 = -4*o. List the prime factors of -2 + -1 + o + q.
3
Suppose -b - 40 = -6*b. Suppose -5*h - 11 = -u, -3*h + b*h + 10 = 0. List the prime factors of (u + 1)/(2/9).
3
Suppose 2*g = 2*o + 374, 0 = 5*o - 2*o - 9. What are the prime factors of g?
2, 5, 19
Suppose 0*y - 3*g + 29 = 5*y, -y + 10 = 2*g. What are the prime factors of ((-2)/y)/(5/(-40))?
2
Suppose -p = -5*p - 40. Let g = 22 + p. List the prime factors of g.
2, 3
Suppose 2*n - 7 = -g + 49, -n = g - 29. List the prime factors of n.
3
Let u(p) = -p - 5. Let n be u(-5). Suppose 3*v + 9 = n, -4*t - v - v + 154 = 0. What are the prime factors of t?
2, 5
Suppose 2*s = -17 + 119. List the prime factors of s.
3, 17
List the prime factors of -5 + (2 - -2)/2 + 33.
2, 3, 5
Let v(c) = -c**3 - 2*c**2 + 2*c + 1. Let k be v(-3). Let x(d) = -d**3 + 2*d**2 + 6*d - 3. Let q be x(k). List the prime factors of -10*(1 - q/(-5)).
2, 3
Suppose -2*c = -5*c. Let v be (-1 - c) + -1 + 7. Suppose -v = -2*m + 3*r, 0*m = m - 3*r + 2. List the prime factors of m.
7
Suppose 0 = -3*h + k + 48, -2*k = h - 4*h + 48. What are the prime factors of h?
2
Suppose -2*m = -5*c - 731, -2*m + 277 + 478 = 3*c. What are the prime factors of m?
373
Let y = -9 - -11. Suppose -5*k + 5*i = -60, 3*i + y*i - 36 = -3*k. Suppose 0 = -x + 2*x - k. What are the prime factors of x?
2, 3
Let a(y) = y**3 + 10*y**2 + 8*y - 8. List the prime factors of a(-6).
2, 11
Suppose -13 = -4*k + 3, -4*k - 74 = -5*h. List the prime factors of h.
2, 3
Suppose -4*p + 0*p - 4*a + 168 = 0, -4*p + a = -143. Let w = -21 + p. What are the prime factors of w?
2
Suppose -3*c + 310 = -4*j, 0 = -5*c + j - 2*j + 509. What are the prime factors of c?
2, 3, 17
List the prime factors of (-5 - -221) + 0 + -2.
2, 107
Let z = -94 - -137. What are the prime factors of z?
43
Let u = -4 - -10. List the prime factors of u/(-24) - 330/(-8).
41
Let r(u) = -u**3 - 4*u**2 + 5*u + 2. Let j be r(-5). Suppose 5*l + 5*t - 120 = 0, j*t + 9 = -t. Let s = -10 + l. List the prime factors of s.
17
Suppose 5*y - i - 390 = 0, -2*i + 246 = 3*y + 25. List the prime factors of y.
7, 11
Suppose 5*i = 3*i + d + 317, 0 = -i - 2*d + 161. What are the prime factors of i?
3, 53
Suppose 3*t - 15 = 0, -3*u + u + 5*t = -15. Let d = 30 - u. What are the prime factors of d?
2, 5
Suppose 5*s + 11 = 4*s - 4*a, -3*a - 12 = 0. Let j(t) = 0*t - s*t + 1 + 4*t - 6. What are the prime factors of j(-7)?
2
Suppose 0 = -4*g + 2*g + 10. Suppose 0 = -4*z + 4*s + 12, -g*s = -4*z + 6 + 7. What are the prime factors of z?
2
Let h(t) = 8*t**2 - 3*t + 1. List the prime factors of h(3).
2
Let z = 87 - 12. List the prime factors of z.
3, 5
Let a be 6/21 + (-36)/(-21). Suppose 0*c = a*c - 22. List the prime factors of c.
11
Suppose 5*j - 2*j + 18 = -2*x, -2*j = -x - 2. Let v be (-2)/3 - 28/x. Suppose -2*u = -z - 17, -2*z = 2*u - v*z - 14. What are the prime factors of u?
2, 5
Let p(d) = -d**3 + 9*d**2 - 14*d + 10. What are the prime factors of p(7)?
2, 5
Let l = 88 + -136. Let t = -32 - l. List the prime factors of t.
2
Let u = -12 + 20. Let o(t) = t**3 - 8*t**2 + 2*t - 9. List the prime factors of o(u).
7
Let y = 2 + -12. Let j = y - -21. List the prime factors of j.
11
Suppose -l = -4*l. Suppose 3*w + 0*w = l. Suppose -t + 3 - 1 = w. List the prime factors of t.
2
Suppose -705 = -3*o - 195. What are the prime factors of o?
2, 5, 17
Let n = -8 - -11. What are the prime factors of n?
3
Let g = 16 + -9. What are the prime factors of (-4*g/(-2))/2?
7
Let v(k) be the first derivative of k**2/2 + 17*k - 1. What are the prime factors of v(-8)?
3
Let d = -65 + 213. What are the prime factors of d?
2, 37
Suppose 3*g = -5*h + 10, -g + 5*g + 10 = -2*h. Let c be (-14)/3*3/(-2). Let o = c + h. What are the prime factors of o?
2, 3
Let q(z) = -19*z - 10. List the prime factors of q(-4).
2, 3, 11
Let w be 1/(-4) - 255/(-12). Suppose 3 = -p, -w = -4*g - p - 4. Suppose 5*u + 25 = 0, 3*i - g*u - 44 = -u. What are the prime factors of i?
2
Suppose 2*d - 455 = -3*d. What are the prime factors of d?
7, 13
Suppose -z - 3 = -3*j + 7*j, -2*z - 6 = -2*j. Let m = z - -2. What are the prime factors of (-6 - m)*(-2 - -1)?
5
Let a(n) = 28 - 28 + 4*n**2. Let l = 1 + -2. List the prime factors of a(l).
2
Let r be 3/(-2 - (-14)/4). Suppose k - 11 = -5*w, r*k - 2*w - 8 = 2. List the prime factors of k.
2, 3
Let n(j) = -1. Let b(y) = y + 4. Let d(s) = -b(s) - 3*n(s). List the prime factors of d(-5).
2
Let s(g